 composite number?
True
Let p = 3634 + -4282. Suppose q = 2*d + 2*d + 1735, -4*d = 0. Let y = q + p. Is y a composite number?
False
Let p(m) = 5*m + 19. Let k be p(-4). Let f be ((-1)/(6/9))/(k/2). Suppose 2*s - f*s - 1258 = -5*l, -s - 3 = 0. Is l prime?
True
Let c = 728 - -1151. Is c prime?
True
Let l = -12280 + 29067. Is l a composite number?
False
Let a be (-363)/(-605) + 84/10 + -1. Suppose -a*d + 130965 = 41389. Is d a composite number?
False
Suppose 0 = 15*w - 20*w + 10. Suppose w*c - 706 = 230. Let g = c + -247. Is g composite?
True
Let h(x) = -10763*x - 31. Suppose 3*k = 2*i - 8, -2*k + 43 = -5*k - 5*i. Is h(k) prime?
False
Let h = -20491 + 173552. Is h prime?
False
Is -62461*(-38)/7 - 7*1 prime?
True
Suppose 543*t - 538*t = -5*g + 864440, -3*g + t + 518676 = 0. Is g prime?
False
Suppose 3*u - 7 = 5. Suppose 6*x - 20 = x + 5*c, 0 = 2*x + c + u. Suppose x = -3*f + 7*f - 156. Is f prime?
False
Let s = -279693 + 434126. Is s a composite number?
True
Suppose 4*q = -0 + 16. Is ((-31565)/10)/((-2)/q) a composite number?
True
Suppose -l + 31 = -3*v, 34 + 16 = -4*v - 3*l. Let y(b) = b**3 + 12*b**2 - 2*b - 20. Is y(v) a composite number?
True
Suppose n - 6*n + 45 = 5*f, -14 = -2*f - n. Suppose -p - 2*t + 169 = -0*t, -f*p - 2*t = -885. Is p a prime number?
True
Let a(d) be the second derivative of 68*d**4/3 + 53*d**3/6 - 19*d**2 - 18*d. Is a(-9) a composite number?
False
Let y(b) = -7*b**3 - 3*b**2 + 12*b + 5. Let x be y(-7). Let c = -1513 + x. Is c composite?
True
Suppose -16*y - 38*y + 5498658 = 0. Is y a prime number?
False
Let g be ((-126)/49)/(-1 - 24/(-21)). Is ((-28004)/g - -3) + 6/27 a composite number?
False
Let l = -211 - -297. Let s(y) = 3*y**2 - 3*y - 2*y**2 - 1 - 2*y**2 + 0 - l*y**3. Is s(-2) composite?
True
Suppose -25*p - 23480 = -29*p. Suppose 0 = 14*a - 99452 - p. Is a composite?
False
Let x(g) = -114*g**2 + 146*g - 20. Let h(o) = 38*o**2 - 49*o + 7. Let c(m) = -17*h(m) - 6*x(m). Is c(-8) a prime number?
True
Let u = 979998 - 304969. Is u composite?
False
Let q = 4644 - 3306. Suppose -5*g + 3*y = -90, 0*y - 15 = 3*y. Suppose -9*b + g*b = q. Is b a prime number?
True
Suppose -3*u + 19052 = -6*v + 5*v, -5*v = 25. Let b = u - 4298. Is b a prime number?
False
Let o = -212 - -225. Suppose 11759 = -o*t + 122350. Is t a composite number?
True
Suppose -3*b + 9183 = -2*p + 5*p, p = -3*b + 3063. Let x = p - 5741. Let c = 3832 + x. Is c a composite number?
False
Suppose 0 = 3*w - 0*w - 5*w. Suppose -1 = 2*g - 3*v + 8, -3*g + 2*v - 6 = w. Suppose i = l + 37 + 50, g = -3*i - l + 253. Is i prime?
False
Let j(g) = -9*g**3 + 2*g**2 + g + 1. Let h(y) = y + 9. Let o(u) = 1. Let a(x) = h(x) - 2*o(x). Let f be a(-9). Is j(f) a composite number?
False
Let w be (-42)/189 - (-14)/(-18) - -3590. Suppose 7*r + 173 = w. Suppose 4*b - r = -4*d, 6*d - 102 = -b + d. Is b composite?
False
Is (3 - 1736163/(-26))*2/3 composite?
False
Is (((-10)/(-120))/((-4)/(-6855972)))/(11/44) a prime number?
True
Let z = -307 - -472. Let n = 1742 + z. Is n a composite number?
False
Let o(b) = -138*b + 6185. Is o(-46) a composite number?
True
Suppose -7*d + 3*d = -f + 7774, 3*f + 4*d - 23290 = 0. Let x = f + -5397. Is x a prime number?
False
Let t be 21801/(-12) + (-49)/(-28). Let b = t + 2728. Is b prime?
False
Let y = 74163 - -114543. Suppose y = 6*b + 8*b. Is b a prime number?
False
Let a = -98240 + 145839. Is a a composite number?
False
Let m = -28 + 19. Let p be ((-108)/(-30))/(m/(-30)). Suppose -14*y + p*y = -106. Is y composite?
False
Let w be 1/(6/17408) - 110/(-165). Let p = 5235 - w. Is p a composite number?
False
Let r be -2 - 300/2*2/(-3). Let u = r - 94. Suppose -2*k + 688 = o - 954, 5*o - 3284 = -u*k. Is k a prime number?
True
Let x(o) = -78*o**2 + 20 - 10 + 33 - 6*o - 2. Let h be x(5). Let c = 3596 + h. Is c composite?
False
Let k be (3/(-9))/(1/(-9)). Suppose 6 = -k*z - 0*z, -4*q = -5*z - 1574. Suppose 3*c - 1046 = q. Is c prime?
True
Let x(m) = -3876*m + 2963. Is x(-69) a composite number?
False
Is 678/6441 - (-4187482)/38 a prime number?
False
Let r = -687 - -440. Let i be (-3)/6 + 1609/2. Let j = i + r. Is j composite?
False
Let g be (-4)/(-7 + -1)*0. Suppose -82 = -4*y - g*y - j, -3*j = -2*y + 48. Is (9814/y)/(2/3) composite?
False
Let o = 182 - 157. Suppose 21*q + o = 88. Is q prime?
True
Let g(b) = b + 1. Let y(l) = -46*l + 23. Let t(u) = -5*g(u) - y(u). Is t(7) composite?
True
Let k = -224811 - -341780. Is k prime?
True
Let x(n) = 22*n**2 - 14*n + 23. Let b be 6/27 + 145/(-45) - -5. Suppose 38 = 2*q - 4*p + 8, 0 = 3*q - b*p - 33. Is x(q) prime?
False
Let f(s) be the third derivative of -s**2 + 0*s - 25/24*s**4 + 0 + 1/30*s**5 + 13/3*s**3. Is f(20) composite?
True
Let i = 33 - 24. Suppose 6*t + 9564 = i*t. Suppose 3*v - 8729 = -t. Is v prime?
True
Let o = 1114 - -2009. Suppose 3*l = -2*n + 9902 - o, -5*n + 2*l = -16995. Is n composite?
True
Suppose -2*s = -6*y + 4*y - 880814, 2*s = -5*y + 880786. Is s composite?
True
Suppose -y + 5*o = -8059, -3*y - 4*o = o - 24177. Is y composite?
False
Suppose 4*u - 4*m - 3439 - 23897 = 0, -4*m = -8. Suppose 26410 = 18*c - u. Is c prime?
True
Let d(r) = 81541*r - 251. Is d(10) a prime number?
True
Suppose 8*n - 31339 = n. Let a = n + 7281. Suppose -2703 = 5*c - a. Is c a prime number?
True
Let n(f) = -11511*f - 3605. Is n(-24) composite?
False
Let q = -60 + 62. Let n be 24/(-60)*50/q. Is 2/(8/5252) - n/5 a prime number?
False
Let c(o) = 61*o**2 - 3*o - 13. Let q(n) = -31*n**2 + 2*n + 7. Let x(i) = 3*c(i) + 5*q(i). Suppose -66*j = -61*j + 35. Is x(j) prime?
True
Suppose 30*h = 4914835 - 1436905. Is h a prime number?
True
Let i(b) = b**2 - 6*b - 6. Let v be i(7). Suppose 5 = 2*l + v. Let f(m) = 9*m**3 + 2*m**2 + 3. Is f(l) composite?
False
Is 772/(-12)*(-174 + -45) composite?
True
Is (-89)/(((-3)/6)/((-2253)/(-6))) a composite number?
True
Is (201594716/(-166))/((4/6)/(5/(-15))) prime?
True
Is (-20491478)/(-301) - 1*-1*9 a prime number?
True
Let o(a) = -a - 1. Suppose 0 = 3*b - h + 6, -3*b + 2*h = 3*h. Let l be o(b). Suppose l = -3*r + 3*x + 3594, 3618 = 3*r + x + 4*x. Is r composite?
False
Let b = -12 + 63. Let v be b/15 + 6/(-15). Is (4 - (5 + v)) + 42 a prime number?
False
Suppose r - 3*s + 37 = 0, -3*s - 96 = 4*r - 2*s. Is (-1)/(r/(-20)) - (-38249)/5 prime?
True
Let f be 11/(11/(-2)) + -1. Let j be (f + 8/2)*159. Suppose 160*n - j*n = 859. Is n a prime number?
True
Is (-64)/4 + 79183 + -58 a prime number?
False
Let d(s) be the third derivative of -3*s**2 + 0 + 11/6*s**3 + 3/40*s**6 + 0*s + 1/8*s**4 - 1/30*s**5. Is d(6) prime?
True
Suppose -48*j + 3338204 = -2806849 - 14019603. Is j composite?
False
Let s = 7976 + -1238. Suppose 6*i = i - 4*z + 11221, 3*z + s = 3*i. Is i a composite number?
True
Suppose 17*n + 986645 - 136122 = 78*n. Is n a composite number?
True
Suppose 750610 = 2*w - 9*w. Let r = -75645 - w. Is r a prime number?
False
Let f be ((-3)/(-6))/(((-9)/2)/(-9)). Let i(w) = -w**2 + 5*w - 3. Let y be i(f). Is y/6*-3 + (-2517)/(-6) a prime number?
True
Suppose -22*q = -18*q - 44. Let c = q + -13. Is 159 - (2 + 8/c) prime?
False
Is (-9294900)/(-450)*(21/6 + -2) prime?
True
Suppose -8*c + 532 = 6*c. Let j = c - 33. Suppose 5195 = j*q + 5*t, -3*t - t + 2078 = 2*q. Is q a prime number?
True
Let a = -819 - -97. Let r = a - -1899. Let x = r + -255. Is x prime?
False
Is 3*(-9)/54*-2672314 prime?
False
Suppose -5*g + 891850 = -6*o + o, -2*o + 178379 = g. Is g a composite number?
True
Is ((-217)/21)/(2/3207)*(-3 - -1) composite?
True
Let c = -38 + 44. Suppose -5*r = -h + c, -3*h - h + 9 = -5*r. Is ((-8)/14 - (-50931)/(-63))*r composite?
False
Suppose 11555*i - 11536*i - 6768959 = 0. Is i a composite number?
False
Let k = 76 + -75. Is k/(-3*(-1)/663) a prime number?
False
Let p(r) = 20*r**3 - 2*r**2 + 2*r. Let o be p(1). Suppose o*z - 17*z - 2343 = 0. Is z a composite number?
True
Let c(n) = 158*n**3 - 19*n**2 - 63*n + 23. Is c(14) composite?
True
Suppose 3*v - 26*o - 2473542 = -21*o, 3298048 = 4*v - 4*o. Is v composite?
True
Let z(n) = n**3 + 11*n**2 - 8*n - 23. Suppose -4*f + 4*c + 4 = -4, -2*c = 2*f - 4. Suppose 9 = -f*p - 11. Is z(p) a prime number?
True
Let p be (-2)/(-6) - (-934)/6. Suppose -75*c = 10*c - 9*c + 11324. Let a = c + p. Is a composite?
False
Let i = 906 + -532. Suppose 4*x - 434 - i = 0. Is (-3